{"id":13131,"date":"2024-01-18T21:13:07","date_gmt":"2024-01-18T20:13:07","guid":{"rendered":"https:\/\/pk-records.nl\/index.php\/product\/various-41\/"},"modified":"2024-01-18T21:13:08","modified_gmt":"2024-01-18T20:13:08","slug":"various-41","status":"publish","type":"product","link":"https:\/\/pk-records.nl\/index.php\/product\/various-41\/","title":{"rendered":"Various"},"content":{"rendered":"<table  class=\" table table-hover\" border=\"0\" cellspacing=\"0\" cellpadding=\"0\">\n<tbody>\n<tr>\n<td valign=\"top\" width=\"270\"><strong>Format<\/strong>: LP box 12x<br \/>\n<strong>Release ID<\/strong>:<br \/>\n<strong>Release date<\/strong>: 1959<br \/>\n<strong>Genre<\/strong>: Classical<br \/>\n<strong>Condition record<\/strong>: Near Mint (NM or M-)<br \/>\n<strong>Condition sleeve<\/strong>: Near Mint (NM or M-)<\/td>\n<td width=\"15\"><\/td>\n<td valign=\"top\" width=\"270\"><strong>Tracklis<\/strong>t:<br \/>\nJean-S\u00e9bastien Bach &#8211; Concerto Brandebourgeois N\u00b01 En Fa Majeur \u2013 Premier Mouvement &#8211; Allegro,,<br \/>Jean-S\u00e9bastien Bach &#8211; Concerto Brandebourgeois N\u00b01 En Fa Majeur \u2013 Deuxi\u00e8me Mouvement &#8211; Adagio,,<br \/>Jean-S\u00e9bastien Bach &#8211; Concerto Brandebourgeois N\u00b01 En Fa Majeur \u2013 Troisi\u00e8me Mouvement &#8211; Allegro,,<br \/>Jean-S\u00e9bastien Bach &#8211; Concerto Brandebourgeois N\u00b01 En Fa Majeur \u2013 Quatri\u00e8me Mouvement &#8211; Menuetto Trio,,<br \/>Georges-Fr\u00e9d\u00e9ric H\u00e6ndel &#8211; Water Music &#8211; Suite Pour Orchestre \u2013 Water Music,,<br \/>Joseph Haydn &#8211; Symphonie N\u00b09 En Sol Majeur &#8211; La Surprise \u2013 Premier Mouvement &#8211; Adagio Cantabile Vivace Assai,,<br \/>Joseph Haydn &#8211; Symphonie N\u00b09 En Sol Majeur &#8211; La Surprise \u2013 Deuxi\u00e8me Mouvement &#8211; Andante,,<br \/>Joseph Haydn &#8211; Symphonie N\u00b09 En Sol Majeur &#8211; La Surprise \u2013 Troisi\u00e8me Mouvement &#8211; Menuetto; Allegro,,<br \/>Joseph Haydn &#8211; Symphonie N\u00b09 En Sol Majeur &#8211; La Surprise \u2013 Quatri\u00e8me Mouvement &#8211; Allegro Du Molto,,<br \/>Wolfgang Amadeus Mozart &#8211; Symphonie N\u00b040 En Sol Mineur &#8211; K.550 \u2013 Premier Mouvement &#8211; Allegro Molto,,<br \/>Wolfgang Amadeus Mozart &#8211; Symphonie N\u00b040 En Sol Mineur &#8211; K.550 \u2013 Deuxi\u00e8me Mouvement &#8211; Andante,,<br \/>Wolfgang Amadeus Mozart &#8211; Symphonie N\u00b040 En Sol Mineur &#8211; K.550 \u2013 Troisi\u00e8me Mouvement &#8211; Menuetto Et Trio Allegretto,,<br \/>Wolfgang Amadeus Mozart &#8211; Symphonie N\u00b040 En Sol Mineur &#8211; K.550 \u2013 Quatri\u00e8me Mouvement &#8211; Finale : Allegro Assai,,<br \/>Ludwig Van Beethoven &#8211; Symphonie N\u00b03 En Mi B\u00e9mol Majeur &#8211; Op.55 &#8211; L&#8217;H\u00e9ro\u00efque \u2013 Premier Mouvement &#8211; Allegro Con Brio,,<br \/>Ludwig Van Beethoven &#8211; Symphonie N\u00b03 En Mi B\u00e9mol Majeur &#8211; Op.55 &#8211; L&#8217;H\u00e9ro\u00efque \u2013 Deuxi\u00e8me Mouvement &#8211; Marche Fun\u00e8bre : Adagio Assai (Premi\u00e8re Partie),,<br \/>Ludwig Van Beethoven &#8211; Symphonie N\u00b03 En Mi B\u00e9mol Majeur &#8211; Op.55 &#8211; L&#8217;H\u00e9ro\u00efque \u2013 Deuxi\u00e8me Mouvement &#8211; Marche Fun\u00e8bre : Adagio Assai (Fin),,<br \/>Ludwig Van Beethoven &#8211; Symphonie N\u00b03 En Mi B\u00e9mol Majeur &#8211; Op.55 &#8211; L&#8217;H\u00e9ro\u00efque \u2013 Troisi\u00e8me Mouvement &#8211; Scherzo Et Trio Allegro Vivace,,<br \/>Ludwig Van Beethoven &#8211; Symphonie N\u00b03 En Mi B\u00e9mol Majeur &#8211; Op.55 &#8211; L&#8217;H\u00e9ro\u00efque \u2013 Quatri\u00e8me Mouvement &#8211; Finale : Allegro Molto Poco Andante &#8211; Presto,,<br \/>Franz Schubert &#8211; Symphonie N\u00b08 En Si Mineur &#8211; L&#8217;Inachev\u00e9e \u2013 Premier Mouvement &#8211; Allegro Moderato,,<br \/>Franz Schubert &#8211; Symphonie N\u00b08 En Si Mineur &#8211; L&#8217;Inachev\u00e9e \u2013 Deuxi\u00e8me Mouvement &#8211; Andante Con Moto,,<br \/>F\u00e9lix Mendelssohn &#8211; Symphonie N\u00b04 En La Majeur, Op.90 &#8211; L&#8217;Italienne \u2013 Premier Mouvement &#8211; Allegro Vivace,,<br \/>F\u00e9lix Mendelssohn &#8211; Symphonie N\u00b04 En La Majeur, Op.90 &#8211; L&#8217;Italienne \u2013 Deuxi\u00e8me Mouvement &#8211; Andante Con Moto,,<br \/>F\u00e9lix Mendelssohn &#8211; Symphonie N\u00b04 En La Majeur, Op.90 &#8211; L&#8217;Italienne \u2013 Troisi\u00e8me Mouvement &#8211; Con Moto Moderato,,<br \/>F\u00e9lix Mendelssohn &#8211; Symphonie N\u00b04 En La Majeur, Op.90 &#8211; L&#8217;Italienne \u2013 Quatri\u00e8me Mouvement &#8211; Saltarello Presto,,<br \/>Johann\u00e8s Brahms &#8211; Symphonie N\u00b03 En Fa Majeur, Op.90 \u2013 Premier Mouvement &#8211; Allegro Con Brio,,<br \/>Johann\u00e8s Brahms &#8211; Symphonie N\u00b03 En Fa Majeur, Op.90 \u2013 Deuxi\u00e8me Mouvement &#8211; Andante,,<br \/>Johann\u00e8s Brahms &#8211; Symphonie N\u00b03 En Fa Majeur, Op.90 \u2013 Troisi\u00e8me Mouvement &#8211; Poco Allegretto,,<br \/>Johann\u00e8s Brahms &#8211; Symphonie N\u00b03 En Fa Majeur, Op.90 \u2013 Quatri\u00e8me Mouvement &#8211; Allegro,,<br \/>C\u00e9sar Franck &#8211; Symphonie En R\u00e9 Mineur \u2013 Premier Mouvement &#8211; Lento Allegro Non Troppo,,<br \/>C\u00e9sar Franck &#8211; Symphonie En R\u00e9 Mineur \u2013 Deuxi\u00e8me Mouvement &#8211; Allegretto,,<br \/>C\u00e9sar Franck &#8211; Symphonie En R\u00e9 Mineur \u2013 Troisi\u00e8me Mouvement &#8211; Allegro Non Troppo,,<br \/>Pierre Tchaikovsky &#8211; Symphonie N\u00b06 En Si Mineur, Op.74 &#8211; La Path\u00e9tique \u2013 Premier Mouvement &#8211; Adagio Allegro Non Troppo,,<br \/>Pierre Tchaikovsky &#8211; Symphonie N\u00b06 En Si Mineur, Op.74 &#8211; La Path\u00e9tique \u2013 Deuxi\u00e8me Mouvement &#8211; Allegro Con Grazia,,<br \/>Pierre Tchaikovsky &#8211; Symphonie N\u00b06 En Si Mineur, Op.74 &#8211; La Path\u00e9tique \u2013 Troisi\u00e8me Mouvement &#8211; Allegro Molto Vivace,,<br \/>Pierre Tchaikovsky &#8211; Symphonie N\u00b06 En Si Mineur, Op.74 &#8211; La Path\u00e9tique \u2013 Quatri\u00e8me Mouvement &#8211; Adagio &#8211; Lamentoso,,<br \/>Robert Schumann &#8211; Symphonie N\u00b03 En Mi B\u00e9mol Majeur, Op. 97 &#8211; La Rh\u00e9nane \u2013 Premier Mouvement &#8211; Vivace,,<br \/>Robert Schumann &#8211; Symphonie N\u00b03 En Mi B\u00e9mol Majeur, Op. 97 &#8211; La Rh\u00e9nane \u2013 Deuxi\u00e8me Mouvement &#8211; Scherzo : Molto Moderato,,<br \/>Robert Schumann &#8211; Symphonie N\u00b03 En Mi B\u00e9mol Majeur, Op. 97 &#8211; La Rh\u00e9nane \u2013 Troisi\u00e8me Mouvement &#8211; Moderato,,<br \/>Robert Schumann &#8211; Symphonie N\u00b03 En Mi B\u00e9mol Majeur, Op. 97 &#8211; La Rh\u00e9nane \u2013 Quatri\u00e8me Mouvement &#8211; Maestoso,,<br \/>Robert Schumann &#8211; Symphonie N\u00b03 En Mi B\u00e9mol Majeur, Op. 97 &#8211; La Rh\u00e9nane \u2013 Cinqui\u00e8me Mouvement &#8211; Vivace,,<br \/>Franz Liszt &#8211; M\u00e9phisto -Valse \u2013 M\u00e9phisto &#8211; Valse,,<br \/>Fr\u00e9d\u00e9ric Chopin &#8211; Les Sylphides (Extraits) \u2013 Pr\u00e9lude En La Majeur, Op.28, N\u00b07,,<br \/>Fr\u00e9d\u00e9ric Chopin &#8211; Les Sylphides (Extraits) \u2013 Valse En Ut Di\u00e8se Mineur, Op.64, N\u00b02,,<br \/>Fr\u00e9d\u00e9ric Chopin &#8211; Les Sylphides (Extraits) \u2013 Grande Valse Brillante En Mi B\u00e9mol Majeur, Op.18,,<br \/>Jean Sibelius \u2013 Finlandia, Op. 26 N\u00b07 &#8211; Po\u00e8me Symphonique,,<br \/>Jean Sibelius \u2013 Le Cygne De Tuonela,,<br \/>Edouard Grieg &#8211; Peer Gynt &#8211; Suite N\u00b01, Op. 46 \u2013 Le Matin,,<br \/>Edouard Grieg &#8211; Peer Gynt &#8211; Suite N\u00b01, Op. 46 \u2013 La Mort D&#8217;Ase,,<br \/>Edouard Grieg &#8211; Peer Gynt &#8211; Suite N\u00b01, Op. 46 \u2013 Danse D&#8217;Anitra,,<br \/>Edouard Grieg &#8211; Peer Gynt &#8211; Suite N\u00b01, Op. 46 \u2013 Dans Le Palais Du Roi Des Montagnes,,<br \/>Anton Dvorak &#8211; Carnaval, Op. 92 \u2013 Ouverture,,<br \/>Richard Strauss \u2013 Till Eulenspiegel, Op.28 &#8211; Po\u00e8me Symphonique,,<br \/>Johann Strauss \u2013 Sang Viennois, Op.354 &#8211; Valse,,<br \/>Richard Wagner &#8211; Tristan Et Isolde \u2013 Pr\u00e9lude Et Mort D&#8217;Isolde,,<br \/>Igor Stravinsky &#8211; Le Sacre Du Printemps \u2013 Premi\u00e8re Partie : Le Culte De La Terre,,<br \/>Igor Stravinsky &#8211; Le Sacre Du Printemps \u2013 Seconde Partie : Le Sacrifice,,<br \/>Igor Stravinsky &#8211; Le Sacre Du Printemps \u2013 Seconde Partie : Le Sacrifice (Fin),,<br \/>Claude Debussy \u2013 Pr\u00e9lude \u00c0 L&#8217;Apr\u00e8s-Midi D&#8217;Un Faune &#8211; Po\u00e8me Symphonique,,<br \/>Hector BERLIOZ &#8211; Carnaval Romain, Op.9 \u2013 Ouverture,,<br \/>Giuseppe Verdi \u2013 Ouverture De La Force Du Destin,,<br \/>Johann Strauss \u2013 Valse De La Chauve-Souris, Op. 567 &#8211; Du Un Du,,<br \/>Gioacchino Rossini \u2013 Ouverture Du Barbier De S\u00e9ville,,<br \/>Georges Bizet \u2013 Pr\u00e9lude De Carmen,,<br \/>Nicolas Rimsky-Korsakov \u2013 La Grande Paque Russe, Op. 36 &#8211; Po\u00e8me Symphonique,,<\/td>\n<\/tr>\n<\/tbody>\n<\/table>\n<p><strong>Comments<\/strong>: <\/p>\n<p>*excl.shipping<\/p>\n","protected":false},"excerpt":{"rendered":"<p><strong>Artist: <\/strong> <span style=\"color: #1e4c0b; font-weight: 600;\">Various<\/span><strong><BR>Titel: <\/strong>Chefs-D&#8217;\u0152uvre  Des Grands Compositeurs <BR><BR><BR><BR><\/p>\n","protected":false},"featured_media":12389,"template":"","meta":[],"product_brand":[],"product_cat":[61],"product_tag":[145],"class_list":{"0":"post-13131","1":"product","2":"type-product","3":"status-publish","4":"has-post-thumbnail","6":"product_cat-classical","7":"product_tag-vinyl","9":"first","10":"instock","11":"purchasable","12":"product-type-simple"},"yoast_head":"<!-- This site is optimized with the Yoast SEO plugin v27.6 - https:\/\/yoast.com\/product\/yoast-seo-wordpress\/ -->\n<title>Various - PK-records<\/title>\n<meta name=\"robots\" content=\"index, follow, max-snippet:-1, max-image-preview:large, max-video-preview:-1\" \/>\n<link rel=\"canonical\" href=\"https:\/\/pk-records.nl\/index.php\/product\/various-41\/\" \/>\n<meta property=\"og:locale\" content=\"en_US\" \/>\n<meta property=\"og:type\" content=\"article\" \/>\n<meta property=\"og:title\" content=\"Various - PK-records\" \/>\n<meta property=\"og:description\" content=\"Artist: VariousTitel: Chefs-D&#039;\u0152uvre Des Grands Compositeurs\" \/>\n<meta property=\"og:url\" content=\"https:\/\/pk-records.nl\/index.php\/product\/various-41\/\" \/>\n<meta property=\"og:site_name\" content=\"PK-records\" \/>\n<meta property=\"article:modified_time\" content=\"2024-01-18T20:13:08+00:00\" \/>\n<meta property=\"og:image\" content=\"https:\/\/pk-records.nl\/wp-content\/uploads\/6545.jpg\" \/>\n\t<meta property=\"og:image:width\" content=\"500\" \/>\n\t<meta property=\"og:image:height\" content=\"500\" \/>\n\t<meta property=\"og:image:type\" content=\"image\/jpeg\" \/>\n<meta name=\"twitter:card\" content=\"summary_large_image\" \/>\n<meta name=\"twitter:label1\" content=\"Est. reading time\" \/>\n\t<meta name=\"twitter:data1\" content=\"5 minutes\" \/>\n<script type=\"application\/ld+json\" class=\"yoast-schema-graph\">{\"@context\":\"https:\\\/\\\/schema.org\",\"@graph\":[{\"@type\":\"WebPage\",\"@id\":\"https:\\\/\\\/pk-records.nl\\\/index.php\\\/product\\\/various-41\\\/\",\"url\":\"https:\\\/\\\/pk-records.nl\\\/index.php\\\/product\\\/various-41\\\/\",\"name\":\"Various - PK-records\",\"isPartOf\":{\"@id\":\"https:\\\/\\\/pk-records.nl\\\/#website\"},\"primaryImageOfPage\":{\"@id\":\"https:\\\/\\\/pk-records.nl\\\/index.php\\\/product\\\/various-41\\\/#primaryimage\"},\"image\":{\"@id\":\"https:\\\/\\\/pk-records.nl\\\/index.php\\\/product\\\/various-41\\\/#primaryimage\"},\"thumbnailUrl\":\"https:\\\/\\\/pk-records.nl\\\/wp-content\\\/uploads\\\/6545.jpg\",\"datePublished\":\"2024-01-18T20:13:07+00:00\",\"dateModified\":\"2024-01-18T20:13:08+00:00\",\"breadcrumb\":{\"@id\":\"https:\\\/\\\/pk-records.nl\\\/index.php\\\/product\\\/various-41\\\/#breadcrumb\"},\"inLanguage\":\"en-US\",\"potentialAction\":[{\"@type\":\"ReadAction\",\"target\":[\"https:\\\/\\\/pk-records.nl\\\/index.php\\\/product\\\/various-41\\\/\"]}]},{\"@type\":\"ImageObject\",\"inLanguage\":\"en-US\",\"@id\":\"https:\\\/\\\/pk-records.nl\\\/index.php\\\/product\\\/various-41\\\/#primaryimage\",\"url\":\"https:\\\/\\\/pk-records.nl\\\/wp-content\\\/uploads\\\/6545.jpg\",\"contentUrl\":\"https:\\\/\\\/pk-records.nl\\\/wp-content\\\/uploads\\\/6545.jpg\",\"width\":500,\"height\":500},{\"@type\":\"BreadcrumbList\",\"@id\":\"https:\\\/\\\/pk-records.nl\\\/index.php\\\/product\\\/various-41\\\/#breadcrumb\",\"itemListElement\":[{\"@type\":\"ListItem\",\"position\":1,\"name\":\"Home\",\"item\":\"https:\\\/\\\/pk-records.nl\\\/\"},{\"@type\":\"ListItem\",\"position\":2,\"name\":\"Shop\",\"item\":\"https:\\\/\\\/pk-records.nl\\\/index.php\\\/shop\\\/\"},{\"@type\":\"ListItem\",\"position\":3,\"name\":\"Various\"}]},{\"@type\":\"WebSite\",\"@id\":\"https:\\\/\\\/pk-records.nl\\\/#website\",\"url\":\"https:\\\/\\\/pk-records.nl\\\/\",\"name\":\"PK-records\",\"description\":\"\",\"publisher\":{\"@id\":\"https:\\\/\\\/pk-records.nl\\\/#organization\"},\"potentialAction\":[{\"@type\":\"SearchAction\",\"target\":{\"@type\":\"EntryPoint\",\"urlTemplate\":\"https:\\\/\\\/pk-records.nl\\\/?s={search_term_string}\"},\"query-input\":{\"@type\":\"PropertyValueSpecification\",\"valueRequired\":true,\"valueName\":\"search_term_string\"}}],\"inLanguage\":\"en-US\"},{\"@type\":\"Organization\",\"@id\":\"https:\\\/\\\/pk-records.nl\\\/#organization\",\"name\":\"PK-records\",\"url\":\"https:\\\/\\\/pk-records.nl\\\/\",\"logo\":{\"@type\":\"ImageObject\",\"inLanguage\":\"en-US\",\"@id\":\"https:\\\/\\\/pk-records.nl\\\/#\\\/schema\\\/logo\\\/image\\\/\",\"url\":\"https:\\\/\\\/pk-records.nl\\\/wp-content\\\/uploads\\\/cropped-logoPK-records.png\",\"contentUrl\":\"https:\\\/\\\/pk-records.nl\\\/wp-content\\\/uploads\\\/cropped-logoPK-records.png\",\"width\":510,\"height\":162,\"caption\":\"PK-records\"},\"image\":{\"@id\":\"https:\\\/\\\/pk-records.nl\\\/#\\\/schema\\\/logo\\\/image\\\/\"}}]}<\/script>\n<!-- \/ Yoast SEO plugin. -->","yoast_head_json":{"title":"Various - PK-records","robots":{"index":"index","follow":"follow","max-snippet":"max-snippet:-1","max-image-preview":"max-image-preview:large","max-video-preview":"max-video-preview:-1"},"canonical":"https:\/\/pk-records.nl\/index.php\/product\/various-41\/","og_locale":"en_US","og_type":"article","og_title":"Various - PK-records","og_description":"Artist: VariousTitel: Chefs-D'\u0152uvre Des Grands Compositeurs","og_url":"https:\/\/pk-records.nl\/index.php\/product\/various-41\/","og_site_name":"PK-records","article_modified_time":"2024-01-18T20:13:08+00:00","og_image":[{"width":500,"height":500,"url":"https:\/\/pk-records.nl\/wp-content\/uploads\/6545.jpg","type":"image\/jpeg"}],"twitter_card":"summary_large_image","twitter_misc":{"Est. reading time":"5 minutes"},"schema":{"@context":"https:\/\/schema.org","@graph":[{"@type":"WebPage","@id":"https:\/\/pk-records.nl\/index.php\/product\/various-41\/","url":"https:\/\/pk-records.nl\/index.php\/product\/various-41\/","name":"Various - PK-records","isPartOf":{"@id":"https:\/\/pk-records.nl\/#website"},"primaryImageOfPage":{"@id":"https:\/\/pk-records.nl\/index.php\/product\/various-41\/#primaryimage"},"image":{"@id":"https:\/\/pk-records.nl\/index.php\/product\/various-41\/#primaryimage"},"thumbnailUrl":"https:\/\/pk-records.nl\/wp-content\/uploads\/6545.jpg","datePublished":"2024-01-18T20:13:07+00:00","dateModified":"2024-01-18T20:13:08+00:00","breadcrumb":{"@id":"https:\/\/pk-records.nl\/index.php\/product\/various-41\/#breadcrumb"},"inLanguage":"en-US","potentialAction":[{"@type":"ReadAction","target":["https:\/\/pk-records.nl\/index.php\/product\/various-41\/"]}]},{"@type":"ImageObject","inLanguage":"en-US","@id":"https:\/\/pk-records.nl\/index.php\/product\/various-41\/#primaryimage","url":"https:\/\/pk-records.nl\/wp-content\/uploads\/6545.jpg","contentUrl":"https:\/\/pk-records.nl\/wp-content\/uploads\/6545.jpg","width":500,"height":500},{"@type":"BreadcrumbList","@id":"https:\/\/pk-records.nl\/index.php\/product\/various-41\/#breadcrumb","itemListElement":[{"@type":"ListItem","position":1,"name":"Home","item":"https:\/\/pk-records.nl\/"},{"@type":"ListItem","position":2,"name":"Shop","item":"https:\/\/pk-records.nl\/index.php\/shop\/"},{"@type":"ListItem","position":3,"name":"Various"}]},{"@type":"WebSite","@id":"https:\/\/pk-records.nl\/#website","url":"https:\/\/pk-records.nl\/","name":"PK-records","description":"","publisher":{"@id":"https:\/\/pk-records.nl\/#organization"},"potentialAction":[{"@type":"SearchAction","target":{"@type":"EntryPoint","urlTemplate":"https:\/\/pk-records.nl\/?s={search_term_string}"},"query-input":{"@type":"PropertyValueSpecification","valueRequired":true,"valueName":"search_term_string"}}],"inLanguage":"en-US"},{"@type":"Organization","@id":"https:\/\/pk-records.nl\/#organization","name":"PK-records","url":"https:\/\/pk-records.nl\/","logo":{"@type":"ImageObject","inLanguage":"en-US","@id":"https:\/\/pk-records.nl\/#\/schema\/logo\/image\/","url":"https:\/\/pk-records.nl\/wp-content\/uploads\/cropped-logoPK-records.png","contentUrl":"https:\/\/pk-records.nl\/wp-content\/uploads\/cropped-logoPK-records.png","width":510,"height":162,"caption":"PK-records"},"image":{"@id":"https:\/\/pk-records.nl\/#\/schema\/logo\/image\/"}}]}},"jetpack_sharing_enabled":true,"_links":{"self":[{"href":"https:\/\/pk-records.nl\/index.php\/wp-json\/wp\/v2\/product\/13131","targetHints":{"allow":["GET"]}}],"collection":[{"href":"https:\/\/pk-records.nl\/index.php\/wp-json\/wp\/v2\/product"}],"about":[{"href":"https:\/\/pk-records.nl\/index.php\/wp-json\/wp\/v2\/types\/product"}],"wp:featuredmedia":[{"embeddable":true,"href":"https:\/\/pk-records.nl\/index.php\/wp-json\/wp\/v2\/media\/12389"}],"wp:attachment":[{"href":"https:\/\/pk-records.nl\/index.php\/wp-json\/wp\/v2\/media?parent=13131"}],"wp:term":[{"taxonomy":"product_brand","embeddable":true,"href":"https:\/\/pk-records.nl\/index.php\/wp-json\/wp\/v2\/product_brand?post=13131"},{"taxonomy":"product_cat","embeddable":true,"href":"https:\/\/pk-records.nl\/index.php\/wp-json\/wp\/v2\/product_cat?post=13131"},{"taxonomy":"product_tag","embeddable":true,"href":"https:\/\/pk-records.nl\/index.php\/wp-json\/wp\/v2\/product_tag?post=13131"}],"curies":[{"name":"wp","href":"https:\/\/api.w.org\/{rel}","templated":true}]}}