{"id":14135,"date":"2024-01-18T21:26:42","date_gmt":"2024-01-18T20:26:42","guid":{"rendered":"https:\/\/pk-records.nl\/index.php\/product\/bela-babai-and-his-orchestra\/"},"modified":"2024-01-18T21:26:46","modified_gmt":"2024-01-18T20:26:46","slug":"bela-babai-and-his-orchestra","status":"publish","type":"product","link":"https:\/\/pk-records.nl\/index.php\/product\/bela-babai-and-his-orchestra\/","title":{"rendered":"Bela Babai And His Orchestra"},"content":{"rendered":"<table  class=\" table table-hover\" border=\"0\" cellspacing=\"0\" cellpadding=\"0\">\n<tbody>\n<tr>\n<td valign=\"top\" width=\"270\"><strong>Format<\/strong>: 2 LP<br \/>\n<strong>Release ID<\/strong>: 79103<br \/>\n<strong>Release date<\/strong>:<br \/>\n<strong>Genre<\/strong>: World &#038; Country<br \/>\n<strong>Condition record<\/strong>: Near Mint (NM or M-)<br \/>\n<strong>Condition sleeve<\/strong>: Near Mint (NM or M-)<\/td>\n<td width=\"15\"><\/td>\n<td valign=\"top\" width=\"270\"><strong>Tracklis<\/strong>t:<br \/>\nCiganyok Jatszanak (Let The Gypsies Play),,<br \/>Ninc A Puszta\u0301n Rozsa Bokor ,,6:05<br \/>Krasznahorka Bu\u0308szke Va\u0301ra ,,<br \/>Nagybercsenyi Miklos ,,<br \/>Jaj De Nagyon Regen Volt,,<br \/>Csinom Palko,,<br \/>Erik A Buzakala\u0301sz ,,4:05<br \/>Ha Megunta\u0301l E\u0301des Rozsa\u0301m,,8:48<br \/>Csa\u0301rda\u0301s ,,4:08<br \/>Ciga\u0301nyok Ja\u0301tszanak ,,6:23<br \/>Ciga\u0301nyta\u0301ncok ,,1:32<br \/>Ke\u0301t Gita\u0301rok ,,4:35<br \/>Orosz Egyveleg ,,4:27<br \/>Roma\u0301n Egyveleg ,,3:30<br \/>Gypsy Passions,,<br \/>Nem Kell P\u00e9nz A Boldogs\u00e1ghoz &#8211; Gyergyon Innend &#8211; Sze\u0301p Is Vagyok &#8211; S\u00e1rga Re\u0301zb\u00f6l,,5:25<br \/>Asszony Lesz A L\u00e1nybol &#8211; Ne Szidjatok Soha Engem &#8211; S\u00e1rika, S\u00e1rika &#8211; Sej Hay Katone \u00c9n,,5:03<br \/>Julcsa Ha Kimegyek &#8211; De K\u00e9t Sz\u00e9p Lea\u0301nya &#8211; Ciga\u0301ny Nota\u0301k &#8211; Ellenben Szombaton,,3:57<br \/>Ket Sza\u0301rnya Van &#8211; Elet \u00c9let Betya\u0301r \u00c9let = Ember Ember Nincsen Keny\u00e9r,,4:10<br \/>Jaj De Magas &#8211; Niya\u0301ri Piros Alma &#8211; El\u00e9g Sz\u00e9les A Bihari Hata\u0301r &#8211; Ki\u00fcltek A V\u00e9nasszonyok &#8211; Kis Kut &#8211; Eg A Kunyh\u00f3,,3:10<br \/>Csa\u0301rda\u0301s,,2:12<br \/>Hi\u00e1nyzik Valaki &#8211; Daru M\u00e1dar Fent Az \u00c9gen &#8211; Erik A B\u00fazakal\u00e1sz &#8211; Ha \u00c9n Nekem Ha \u00c9nnekem,,6:14<br \/>J\u00e1nos Vit\u00e9z,,3:50<br \/>Nem Hiszem Hogy Tal\u00e1lkozunk &#8211; Ablakomon Bes\u00fct\u00f6tt A Holdvill\u00e1g &#8211; Rep\u00fcij, Rep\u00fcij &#8211; Megy A Kisl\u00e1ny A Foly\u00f3ra &#8211; Csa\u0301rda\u0301s,,4:23<br \/>Ha Meghalok &#8211; Volt Nekem Egy Bobit\u00e1s &#8211; Nekem Olyan Asszony Kell &#8211; Esik Es\u00f6,,3:45<br \/>Cig\u00e1nypanna Az A Hired &#8211; K\u00f6r\u00fcl Csillagos Az \u00c9g &#8211; Cig\u00e1ny Panasz &#8211; Fell\u00e1llott A Nyakkend\u00f6je &#8211; Sarga A Ty\u00fak Sz\u00f6gye,,4:27<\/td>\n<\/tr>\n<\/tbody>\n<\/table>\n<p><strong>Comments<\/strong>: <\/p>\n<p>*excl.shipping<\/p>\n","protected":false},"excerpt":{"rendered":"<p><strong>Artist: <\/strong> <span style=\"color: #1e4c0b; font-weight: 600;\">Bela Babai And His Orchestra<\/span><strong><BR>Titel: <\/strong>Gypsy Festival Vol. 2 <BR><BR><BR><BR><\/p>\n","protected":false},"featured_media":12409,"template":"","meta":[],"product_brand":[],"product_cat":[72],"product_tag":[145],"class_list":{"0":"post-14135","1":"product","2":"type-product","3":"status-publish","4":"has-post-thumbnail","6":"product_cat-world-country","7":"product_tag-vinyl","9":"first","10":"instock","11":"purchasable","12":"product-type-simple"},"yoast_head":"<!-- This site is optimized with the Yoast SEO plugin v27.3 - https:\/\/yoast.com\/product\/yoast-seo-wordpress\/ -->\n<title>Bela Babai And His Orchestra - PK-records<\/title>\n<meta name=\"robots\" content=\"index, follow, max-snippet:-1, max-image-preview:large, max-video-preview:-1\" \/>\n<link rel=\"canonical\" href=\"https:\/\/pk-records.nl\/index.php\/product\/bela-babai-and-his-orchestra\/\" \/>\n<meta property=\"og:locale\" content=\"en_US\" \/>\n<meta property=\"og:type\" content=\"article\" \/>\n<meta property=\"og:title\" content=\"Bela Babai And His Orchestra - PK-records\" \/>\n<meta property=\"og:description\" content=\"Artist: Bela Babai And His OrchestraTitel: Gypsy Festival Vol. 2\" \/>\n<meta property=\"og:url\" content=\"https:\/\/pk-records.nl\/index.php\/product\/bela-babai-and-his-orchestra\/\" \/>\n<meta property=\"og:site_name\" content=\"PK-records\" \/>\n<meta property=\"article:modified_time\" content=\"2024-01-18T20:26:46+00:00\" \/>\n<meta property=\"og:image\" content=\"https:\/\/pk-records.nl\/wp-content\/uploads\/6566.jpg\" \/>\n\t<meta property=\"og:image:width\" content=\"486\" \/>\n\t<meta property=\"og:image:height\" content=\"480\" \/>\n\t<meta property=\"og:image:type\" content=\"image\/jpeg\" \/>\n<meta name=\"twitter:card\" content=\"summary_large_image\" \/>\n<meta name=\"twitter:label1\" content=\"Est. reading time\" \/>\n\t<meta name=\"twitter:data1\" content=\"1 minute\" \/>\n<script type=\"application\/ld+json\" class=\"yoast-schema-graph\">{\"@context\":\"https:\\\/\\\/schema.org\",\"@graph\":[{\"@type\":\"WebPage\",\"@id\":\"https:\\\/\\\/pk-records.nl\\\/index.php\\\/product\\\/bela-babai-and-his-orchestra\\\/\",\"url\":\"https:\\\/\\\/pk-records.nl\\\/index.php\\\/product\\\/bela-babai-and-his-orchestra\\\/\",\"name\":\"Bela Babai And His Orchestra - PK-records\",\"isPartOf\":{\"@id\":\"https:\\\/\\\/pk-records.nl\\\/#website\"},\"primaryImageOfPage\":{\"@id\":\"https:\\\/\\\/pk-records.nl\\\/index.php\\\/product\\\/bela-babai-and-his-orchestra\\\/#primaryimage\"},\"image\":{\"@id\":\"https:\\\/\\\/pk-records.nl\\\/index.php\\\/product\\\/bela-babai-and-his-orchestra\\\/#primaryimage\"},\"thumbnailUrl\":\"https:\\\/\\\/pk-records.nl\\\/wp-content\\\/uploads\\\/6566.jpg\",\"datePublished\":\"2024-01-18T20:26:42+00:00\",\"dateModified\":\"2024-01-18T20:26:46+00:00\",\"breadcrumb\":{\"@id\":\"https:\\\/\\\/pk-records.nl\\\/index.php\\\/product\\\/bela-babai-and-his-orchestra\\\/#breadcrumb\"},\"inLanguage\":\"en-US\",\"potentialAction\":[{\"@type\":\"ReadAction\",\"target\":[\"https:\\\/\\\/pk-records.nl\\\/index.php\\\/product\\\/bela-babai-and-his-orchestra\\\/\"]}]},{\"@type\":\"ImageObject\",\"inLanguage\":\"en-US\",\"@id\":\"https:\\\/\\\/pk-records.nl\\\/index.php\\\/product\\\/bela-babai-and-his-orchestra\\\/#primaryimage\",\"url\":\"https:\\\/\\\/pk-records.nl\\\/wp-content\\\/uploads\\\/6566.jpg\",\"contentUrl\":\"https:\\\/\\\/pk-records.nl\\\/wp-content\\\/uploads\\\/6566.jpg\",\"width\":486,\"height\":480},{\"@type\":\"BreadcrumbList\",\"@id\":\"https:\\\/\\\/pk-records.nl\\\/index.php\\\/product\\\/bela-babai-and-his-orchestra\\\/#breadcrumb\",\"itemListElement\":[{\"@type\":\"ListItem\",\"position\":1,\"name\":\"Home\",\"item\":\"https:\\\/\\\/pk-records.nl\\\/\"},{\"@type\":\"ListItem\",\"position\":2,\"name\":\"Shop\",\"item\":\"https:\\\/\\\/pk-records.nl\\\/index.php\\\/shop\\\/\"},{\"@type\":\"ListItem\",\"position\":3,\"name\":\"Bela Babai And His Orchestra\"}]},{\"@type\":\"WebSite\",\"@id\":\"https:\\\/\\\/pk-records.nl\\\/#website\",\"url\":\"https:\\\/\\\/pk-records.nl\\\/\",\"name\":\"PK-records\",\"description\":\"\",\"publisher\":{\"@id\":\"https:\\\/\\\/pk-records.nl\\\/#organization\"},\"potentialAction\":[{\"@type\":\"SearchAction\",\"target\":{\"@type\":\"EntryPoint\",\"urlTemplate\":\"https:\\\/\\\/pk-records.nl\\\/?s={search_term_string}\"},\"query-input\":{\"@type\":\"PropertyValueSpecification\",\"valueRequired\":true,\"valueName\":\"search_term_string\"}}],\"inLanguage\":\"en-US\"},{\"@type\":\"Organization\",\"@id\":\"https:\\\/\\\/pk-records.nl\\\/#organization\",\"name\":\"PK-records\",\"url\":\"https:\\\/\\\/pk-records.nl\\\/\",\"logo\":{\"@type\":\"ImageObject\",\"inLanguage\":\"en-US\",\"@id\":\"https:\\\/\\\/pk-records.nl\\\/#\\\/schema\\\/logo\\\/image\\\/\",\"url\":\"https:\\\/\\\/pk-records.nl\\\/wp-content\\\/uploads\\\/cropped-logoPK-records.png\",\"contentUrl\":\"https:\\\/\\\/pk-records.nl\\\/wp-content\\\/uploads\\\/cropped-logoPK-records.png\",\"width\":510,\"height\":162,\"caption\":\"PK-records\"},\"image\":{\"@id\":\"https:\\\/\\\/pk-records.nl\\\/#\\\/schema\\\/logo\\\/image\\\/\"}}]}<\/script>\n<!-- \/ Yoast SEO plugin. -->","yoast_head_json":{"title":"Bela Babai And His Orchestra - PK-records","robots":{"index":"index","follow":"follow","max-snippet":"max-snippet:-1","max-image-preview":"max-image-preview:large","max-video-preview":"max-video-preview:-1"},"canonical":"https:\/\/pk-records.nl\/index.php\/product\/bela-babai-and-his-orchestra\/","og_locale":"en_US","og_type":"article","og_title":"Bela Babai And His Orchestra - PK-records","og_description":"Artist: Bela Babai And His OrchestraTitel: Gypsy Festival Vol. 2","og_url":"https:\/\/pk-records.nl\/index.php\/product\/bela-babai-and-his-orchestra\/","og_site_name":"PK-records","article_modified_time":"2024-01-18T20:26:46+00:00","og_image":[{"width":486,"height":480,"url":"https:\/\/pk-records.nl\/wp-content\/uploads\/6566.jpg","type":"image\/jpeg"}],"twitter_card":"summary_large_image","twitter_misc":{"Est. reading time":"1 minute"},"schema":{"@context":"https:\/\/schema.org","@graph":[{"@type":"WebPage","@id":"https:\/\/pk-records.nl\/index.php\/product\/bela-babai-and-his-orchestra\/","url":"https:\/\/pk-records.nl\/index.php\/product\/bela-babai-and-his-orchestra\/","name":"Bela Babai And His Orchestra - PK-records","isPartOf":{"@id":"https:\/\/pk-records.nl\/#website"},"primaryImageOfPage":{"@id":"https:\/\/pk-records.nl\/index.php\/product\/bela-babai-and-his-orchestra\/#primaryimage"},"image":{"@id":"https:\/\/pk-records.nl\/index.php\/product\/bela-babai-and-his-orchestra\/#primaryimage"},"thumbnailUrl":"https:\/\/pk-records.nl\/wp-content\/uploads\/6566.jpg","datePublished":"2024-01-18T20:26:42+00:00","dateModified":"2024-01-18T20:26:46+00:00","breadcrumb":{"@id":"https:\/\/pk-records.nl\/index.php\/product\/bela-babai-and-his-orchestra\/#breadcrumb"},"inLanguage":"en-US","potentialAction":[{"@type":"ReadAction","target":["https:\/\/pk-records.nl\/index.php\/product\/bela-babai-and-his-orchestra\/"]}]},{"@type":"ImageObject","inLanguage":"en-US","@id":"https:\/\/pk-records.nl\/index.php\/product\/bela-babai-and-his-orchestra\/#primaryimage","url":"https:\/\/pk-records.nl\/wp-content\/uploads\/6566.jpg","contentUrl":"https:\/\/pk-records.nl\/wp-content\/uploads\/6566.jpg","width":486,"height":480},{"@type":"BreadcrumbList","@id":"https:\/\/pk-records.nl\/index.php\/product\/bela-babai-and-his-orchestra\/#breadcrumb","itemListElement":[{"@type":"ListItem","position":1,"name":"Home","item":"https:\/\/pk-records.nl\/"},{"@type":"ListItem","position":2,"name":"Shop","item":"https:\/\/pk-records.nl\/index.php\/shop\/"},{"@type":"ListItem","position":3,"name":"Bela Babai And His Orchestra"}]},{"@type":"WebSite","@id":"https:\/\/pk-records.nl\/#website","url":"https:\/\/pk-records.nl\/","name":"PK-records","description":"","publisher":{"@id":"https:\/\/pk-records.nl\/#organization"},"potentialAction":[{"@type":"SearchAction","target":{"@type":"EntryPoint","urlTemplate":"https:\/\/pk-records.nl\/?s={search_term_string}"},"query-input":{"@type":"PropertyValueSpecification","valueRequired":true,"valueName":"search_term_string"}}],"inLanguage":"en-US"},{"@type":"Organization","@id":"https:\/\/pk-records.nl\/#organization","name":"PK-records","url":"https:\/\/pk-records.nl\/","logo":{"@type":"ImageObject","inLanguage":"en-US","@id":"https:\/\/pk-records.nl\/#\/schema\/logo\/image\/","url":"https:\/\/pk-records.nl\/wp-content\/uploads\/cropped-logoPK-records.png","contentUrl":"https:\/\/pk-records.nl\/wp-content\/uploads\/cropped-logoPK-records.png","width":510,"height":162,"caption":"PK-records"},"image":{"@id":"https:\/\/pk-records.nl\/#\/schema\/logo\/image\/"}}]}},"jetpack_sharing_enabled":true,"_links":{"self":[{"href":"https:\/\/pk-records.nl\/index.php\/wp-json\/wp\/v2\/product\/14135","targetHints":{"allow":["GET"]}}],"collection":[{"href":"https:\/\/pk-records.nl\/index.php\/wp-json\/wp\/v2\/product"}],"about":[{"href":"https:\/\/pk-records.nl\/index.php\/wp-json\/wp\/v2\/types\/product"}],"wp:featuredmedia":[{"embeddable":true,"href":"https:\/\/pk-records.nl\/index.php\/wp-json\/wp\/v2\/media\/12409"}],"wp:attachment":[{"href":"https:\/\/pk-records.nl\/index.php\/wp-json\/wp\/v2\/media?parent=14135"}],"wp:term":[{"taxonomy":"product_brand","embeddable":true,"href":"https:\/\/pk-records.nl\/index.php\/wp-json\/wp\/v2\/product_brand?post=14135"},{"taxonomy":"product_cat","embeddable":true,"href":"https:\/\/pk-records.nl\/index.php\/wp-json\/wp\/v2\/product_cat?post=14135"},{"taxonomy":"product_tag","embeddable":true,"href":"https:\/\/pk-records.nl\/index.php\/wp-json\/wp\/v2\/product_tag?post=14135"}],"curies":[{"name":"wp","href":"https:\/\/api.w.org\/{rel}","templated":true}]}}